{"id":271,"date":"2025-06-09T01:03:18","date_gmt":"2025-06-08T23:03:18","guid":{"rendered":"https:\/\/endenich.asgard-it.org\/?page_id=271"},"modified":"2025-06-17T13:38:30","modified_gmt":"2025-06-17T11:38:30","slug":"berichteevents","status":"publish","type":"page","link":"https:\/\/endenich.asgard-it.org\/index.php\/berichteevents\/","title":{"rendered":"Berichte \u00fcber Events"},"content":{"rendered":"<div class=\"wpb-content-wrapper\"><p>[vc_row][vc_column][vc_column_text css=&#8220;&#8220;]<\/p>\n<h4><strong>Hier stehen die Berichte zu den Veranstaltungen der Endenicher Vereine:<\/strong><\/h4>\n<p>[\/vc_column_text][\/vc_column][\/vc_row][vc_row][vc_column][vc_tta_accordion][vc_tta_section title=&#8220;BurgArt am 14. Juni 2025&#8243; tab_id=&#8220;1750158381829-bc96e20d-b13e&#8220;][vc_column_text css=&#8220;&#8220;]<\/p>\n<p data-start=\"244\" data-end=\"535\"><img loading=\"lazy\" decoding=\"async\" class=\"wp-image-508 alignleft\" src=\"https:\/\/endenich.asgard-it.org\/wp-content\/uploads\/2025\/06\/BurgArt2025.jpg\" alt=\"\" width=\"208\" height=\"278\" \/>Am Samstag, 14. Juni fand ab 12 Uhr bei strahlendem Sommerwetter bereits zum 6. Mal die <strong data-start=\"312\" data-end=\"323\">BurgArt<\/strong> im stimmungsvollen Innenhof der Endenicher Burg statt. Mehr als 50 K\u00fcnstlerinnen und K\u00fcnstler pr\u00e4sentierten ihre Werke unter freiem Himmel \u2013 von Malerei \u00fcber Fotografie bis hin zu Skulpturen und Kunsthandwerk.<br \/>\nDas Besondere: Alle ausgestellten Arbeiten waren zu einem Preis unter 150 Euro erh\u00e4ltlich, was vielen Besucherinnen und Besuchern den unkomplizierten Zugang zur Kunst erm\u00f6glichte. Die Veranstaltung wurde vom <strong data-start=\"745\" data-end=\"789\">Kultur- und B\u00fcrgerverein Endenich (KuBE)<\/strong> organisiert und bot neben der Kunst auch Gelegenheit f\u00fcr Austausch, Begegnung und lebendige Nachbarschaft. Der Eintritt war &#8211; wie immer &#8211; umsonst.<\/p>\n<p>[\/vc_column_text][\/vc_tta_section][vc_tta_section title=&#8220;26. Bonner Schumannfest 16. Mai -1. Juni 2025&#8243; tab_id=&#8220;1749399201813-ee466724-c472&#8243;][vc_column_text css=&#8220;&#8220;]<img loading=\"lazy\" decoding=\"async\" class=\"wp-image-217 alignright\" src=\"https:\/\/endenich.asgard-it.org\/wp-content\/uploads\/2025\/06\/Programmheft_2025_Schumannfest.jpg\" alt=\"\" width=\"292\" height=\"292\" \/><img loading=\"lazy\" decoding=\"async\" class=\" wp-image-354 alignleft\" src=\"https:\/\/endenich.asgard-it.org\/wp-content\/uploads\/2025\/06\/0Programmheft_2025_Final-03.jpg\" alt=\"\" width=\"702\" height=\"331\" \/><img loading=\"lazy\" decoding=\"async\" class=\"wp-image-355 alignright\" src=\"https:\/\/endenich.asgard-it.org\/wp-content\/uploads\/2025\/06\/0Programmheft_2025_Final-04.jpg\" alt=\"\" width=\"701\" height=\"329\" \/>[\/vc_column_text][\/vc_tta_section][vc_tta_section title=&#8220;Maiansingen 2025 am 30. April 2025&#8243; tab_id=&#8220;1749399352192-2ca89b19-c05d&#8220;][vc_column_text css=&#8220;&#8220;]<strong>Maiansingen 2025<img loading=\"lazy\" decoding=\"async\" class=\"wp-image-297 alignright\" src=\"https:\/\/endenich.asgard-it.org\/wp-content\/uploads\/2025\/06\/1112025_MaiAnsingen_FF_Baum.jpg\" alt=\"\" width=\"167\" height=\"429\" \/><\/strong><\/p>\n<p>Am <strong>Mittwoch, den 30.04.2025<\/strong> begr\u00fc\u00dfte die Vorsitzende des Ortsausschusses Bonn-Endenich e.V. viele Endenicher Mitb\u00fcrgerinnen und Mitb\u00fcrger, besonders erfreulich viele junge Familien, Vertreter der Endenicher Vereine, Mandatstr\u00e4ger der verschiedenen Parteien sowie die Sammlerinnen und Sammler der Haussammlung f\u00fcr den Vierdelszoch, bei denen sich Renate Torno noch einmal ganz herzlich f\u00fcr ihr Engagement f\u00fcr den Ortsausschuss bedankte. Sie erhielten neben einer Grillwurst und einem Getr\u00e4nk eine \u201eDanke-Medaille\u201c.<img loading=\"lazy\" decoding=\"async\" class=\" wp-image-299 alignright\" src=\"https:\/\/endenich.asgard-it.org\/wp-content\/uploads\/2025\/06\/111_Medalie_2.jpg\" alt=\"\" width=\"104\" height=\"118\" \/><\/p>\n<p>Die Kameraden der Freiwilligen Feuerwehr (L\u00f6scheinheit Endenich) unter Leitung von Andreas Braun besorgten wie in den Vorjahren den Maibaum und stellten ihn im Beisein der Endenicher vor der Burg auf.<\/p>\n<p>Schlossermeister Josef Willms sorgte zuvor mit dem entsprechenden Fahrzeug f\u00fcr den ordnungsgem\u00e4\u00dfen Transport des Maibaums.<\/p>\n<p>Zum 2. Mal stimmten die S\u00e4ngerinnen und S\u00e4nger des Endenicher Chors \u201eAmici Cantandi\u201c die Anwesenden mit Fr\u00fchlingsliedern auf den 1. Mai ein. Da der Chorleiter an dem Abend verhindert war, gab Herr Eckhard B\u00f6hle den Chormitgliedern mit seiner Gitarre den richtigen Ton an. Liedtexte wurden verteilt und so konnten alle fr\u00f6hlich mitsingen.<\/p>\n<p>Bei bestem Wetter, leckeren Grillw\u00fcrstchen, kalten Getr\u00e4nken und netten Gespr\u00e4chen genossen die Besucher einen entspannten Abend.<\/p>\n<p>Der Ortsausschuss bedankt sich bei den vielen Besuchern, dass sie durch ihre Anwesenheit am Brauchtum in Endenich festhalten.<\/p>\n<p><img loading=\"lazy\" decoding=\"async\" class=\"size-full wp-image-301 aligncenter\" src=\"https:\/\/endenich.asgard-it.org\/wp-content\/uploads\/2025\/06\/Maiansingen-2025.jpg\" alt=\"\" width=\"408\" height=\"306\" \/>Text: Vorstand OAS<br \/>\nFotos: privat\/Vorstand OAS[\/vc_column_text][\/vc_tta_section][vc_tta_section title=&#8220;50. Endenicher Vierdelszoch am 2. M\u00e4rz 2025&#8243; tab_id=&#8220;1749399201820-0427374e-e500&#8243;][vc_column_text css=&#8220;&#8220;]<strong>50. Endenicher Vierdelszoch: <\/strong><strong>Karnevalssonntag, den 2. M\u00e4rz 2025<img loading=\"lazy\" decoding=\"async\" class=\"wp-image-331 alignright\" src=\"https:\/\/endenich.asgard-it.org\/wp-content\/uploads\/2025\/06\/VZ_2025_01.jpg\" alt=\"\" width=\"607\" height=\"296\" \/><\/strong><\/p>\n<p>Ab 09:15 Uhr am Karnevalssonntag hatte die Vorsitzende des Ortsausschusses Renate Torno zum traditionellen Prinzenempfang eingeladen. Durch die Schlie\u00dfung der Endenicher Filiale der Sparkasse K\u00f6ln Bonn trafen sich alle G\u00e4ste direkt im Pfarrheim St. Maria Magdalena.<\/p>\n<p>Das Bonner Prinzenpaar Prinz Oliver I., Bonna Maike I. (Gr\u00fcndungsmitglied der KG Blau Blau Endenich 2020 e.V.), das Bonner Kinderprinzenpaar Kinderprinz Lucas I. (ein echter Endenicher Junge, der jetzt mit seiner Familie in Buschdorf wohnt), Kinder-Bonna Mia-Lani I. und das Buschdorfer Dreigestirn Prinz Mark I. und Bauer Dom I. (Jungfrau Arne I. war erkrankt) nahmen diesen fr\u00fchen Termin gerne wahr, obwohl alle am Tag zuvor volle Terminkalender hatten.<\/p>\n<p>Zu den Ehreng\u00e4sten z\u00e4hlten der Bezirksb\u00fcrgermeister Jochen Reeh-Schall, der Landtagsabgeordnete Dr. Christos Katzidis, die Stadtverordneten Rolf Beu, Julia Polley, und Brigitta Poppe-Reiners, die Ehrenvorsitzende des Ortsausschusses Karin Lepper, der Filialleiter der Volksbank K\u00f6ln Bonn,Markus Simon, der Polizeihauptkommissare des Endenicher Bezirksdienstes Dirk Pr\u00fctz, etliche Vertreter der Endenicher Vereine sowie Vertreter befreundeter Ortvereine und weitere nette G\u00e4ste.<\/p>\n<p>Die stellvertretende Vorsitzende des Ortsausschusses Claudia Manthey begr\u00fc\u00dfte die G\u00e4ste und \u00fcbergab den Prinzenpaaren die Geschenke und Festabzeichen des OAS. Peter Kessenich erhielt einen Prinzenorden als Anerkennung f\u00fcr seine jahrelange Unterst\u00fctzung mit der Technik im Pfarrheim.<\/p>\n<p>Um 10 Uhr verabschiedeten sich die Vorstandsmitglieder des OAS mit einem gro\u00dfen Dankesch\u00f6n und einem dreifachen Alaaf auf die Tollit\u00e4ten, auf den Ortsausschuss und auf den Vierdelszoch.<\/p>\n<p>Die Prinzenpaare und Ehreng\u00e4ste blieben anschlie\u00dfend im Pfarrheim, von wo aus sie den Vierdelszoch schauen konnten. Dort wurden sie von Heidi Hesse, Uschi Riedel und Gerda Trachte bewirtet, Peter Kessenich sorgte f\u00fcr die Technik, Wilma Willms kommentierte und Karin Lepper unterhielt die G\u00e4ste.<\/p>\n<p>Unter dem Motto des Festausschusses Bonner Karneval <strong>\u201eKunterbunt und tolerant, su senn mir he im Jeckenland\u201c<\/strong> zog der 50. Endenicher Vierdelszoch ab 10:30 Uhr fr\u00f6hlich, bunt und friedlich bei herrlichem Sonnenschein die 3 km lange Zugstrecke durch unseren Ortsteil.<img loading=\"lazy\" decoding=\"async\" class=\"wp-image-334 alignright\" src=\"https:\/\/endenich.asgard-it.org\/wp-content\/uploads\/2025\/06\/Karneval-2025.jpg\" alt=\"\" width=\"292\" height=\"325\" \/><\/p>\n<p>Der Zug bestand aus vier Festwagen, vier Musikgruppen und 30 Fu\u00dfgruppen, von denen viele bereits seit etlichen Jahren dabei sind. Die Karnevalsfreunde verf\u00fcgen immer wieder \u00fcber gro\u00dfen Ideenreichtum, besondere Kreativit\u00e4t und Geschicklichkeit sowie die Liebe zum Detail bei der Gestaltung ihrer Kost\u00fcme entsprechend ihrer Motti.<\/p>\n<p>Die Nabu Hochschulgruppe Bonn, die St. Sebastianus Sch\u00fctzen Endenich (hatten viele Jahre ausgesetzt), Bonnsai e.V., Roundnet Club Bonn e.V. und Balfolk-Bonn e.V. nahmen zum 1. Mal teil.<\/p>\n<p>Ein besonderer Dank gilt allen Endenichern, die mit kleinen und gro\u00dfen Spenden dazu beigetragen haben, dass wir unseren sch\u00f6nen Vierdelszoch durch die Haussammlung wieder finanzieren konnten.<\/p>\n<p>Wir bedanken uns auch sehr bei den flei\u00dfigen Sammlerinnen und Sammlern, den Kommentatorinnen und Kommentatoren, den Zugteilnehmerinnen und Zugteilnehmern und nat\u00fcrlich den vielen fr\u00f6hlichen Menschen am Stra\u00dfenrand. Bei dem herrlichen Wetter lie\u00dfen viele Endenicher, die am Zugweg wohnen, den Nachmittag vorm Haus mit Freunden bei Getr\u00e4nken, Snacks und guter Karnevalsmusik entspannt und fr\u00f6hlich ausklingen.<\/p>\n<p>An der Endenicher Burg heizten die DJs der Partyk\u00f6che Endenich die vielen Karnevalsjecken wieder so richtig ein.<\/p>\n<p>Die Freiwillige Feuerwehr sorgte dort f\u00fcr Grillw\u00fcrstchen und Getr\u00e4nke. Die Stimmung war bei dem sonnigen Wetter grandios. Das ist unser Vierdel!!! Das ist Endenich!!!<\/p>\n<p>Erleichtert und zufrieden k\u00f6nnen die Verantwortlichen des Ortausschusses mit dem Zugleiter Johannes Klemmer wieder auf eine gelungene, fr\u00f6hliche und friedliche Veranstaltung zur\u00fcckschauen.<\/p>\n<p><img loading=\"lazy\" decoding=\"async\" class=\" wp-image-339 alignleft\" src=\"https:\/\/endenich.asgard-it.org\/wp-content\/uploads\/2025\/06\/VZ_2025_2.jpg\" alt=\"\" width=\"220\" height=\"147\" \/>Nun freuen sich alle auf den 51. Endenicher Vierdelszoch am Karnevalssonntag, den 15. Februar 2026 unter dem Motto des Festausschusses Bonner Karneval der Session 2025\/2026: \u201e200 Jahre Bonner Karneval &#8211; jestern, h\u00fcck und morje\u201c.<\/p>\n<p>Text und Fotos: Vorstand Ortsausschuss[\/vc_column_text][\/vc_tta_section][vc_tta_section title=&#8220;Mit dem Bonner Prinzenpaar auf Shoppingtour durch Endenich am 18. Januar 2025&#8243; tab_id=&#8220;1749469546605-a3067e6b-9322&#8243;][vc_column_text css=&#8220;&#8220;]<img loading=\"lazy\" decoding=\"async\" class=\"wp-image-343 alignright\" src=\"https:\/\/endenich.asgard-it.org\/wp-content\/uploads\/2025\/06\/PS1.jpg\" alt=\"\" width=\"330\" height=\"261\" \/>Am Samstag, den 18. Januar 2025 begr\u00fc\u00dfte die stellvertretende Vorsitzende des Ortsausschusses Bonn-Endenich e.V., Claudia Manthey zusammen mit ihren Vorstandskollegen das Bonner Prinzenpaar Prinz Oliver I. und Bonna Maike I. auf der Endenicher \u201aRathaustreppe\u2018 vor der Fahrschule Schulterblick, den Prinzenf\u00fchrer Michael Cronenberg und die Equipe sowie eine gro\u00dfe Abordnung der KG Rot Schwarz, die mit vielen T\u00e4nzerinnen und T\u00e4nzern ihrer Tanzgarde vertreten waren. Da die Bonna aus den Reihen der jungen Karnevalsgesellschaft Blau Blau Endenich 2020 e.V. kommt, schlossen sich etliche Mitglieder der KG unter Leitung des Vorsitzenden Dirk Fa\u00dfbender-Schmitz der Shoppingtour an. Polizeihauptkommissar Dirk Pr\u00fctz vom Endenicher Bezirksdienst sorgte f\u00fcr den reibungslosen Verlauf und die Musikerinnen und Musiker des Musikvereins Duisdorf begleiteten die Tour traditionell musikalisch.<img loading=\"lazy\" decoding=\"async\" class=\" wp-image-344 alignright\" src=\"https:\/\/endenich.asgard-it.org\/wp-content\/uploads\/2025\/06\/PS3.jpg\" alt=\"\" width=\"174\" height=\"232\" \/><\/p>\n<p>Der Vorstand des Ortsausschusses bedankt sich ganz herzlich bei allen Gesch\u00e4ftsleuten, die das Prinzenpaar und die Begleitungen so herzlich, freundlich und individuell empfangen haben:<\/p>\n<ul>\n<li>Herrn Lars Rauer von der Fahrschule Schulterblick,<\/li>\n<li>Gabriele Koeplin\/Buchhandlung Koeplin,<img loading=\"lazy\" decoding=\"async\" class=\" wp-image-349 alignright\" src=\"https:\/\/endenich.asgard-it.org\/wp-content\/uploads\/2025\/06\/PS4.jpg\" alt=\"\" width=\"150\" height=\"160\" \/><\/li>\n<li>Sebastian Kraus\/Nudelei,<\/li>\n<li>Elmar Klein\/B\u00e4ckerei Klein,<\/li>\n<li>Jochen Richarz\/Fluchtgefahr Escape Room,<\/li>\n<li>Familie Ludger und Kathi Schmitz\/Metzgerei Schmitz und<\/li>\n<li>Sabine Nehrkorn\/Gasthaus Nolden.<\/li>\n<\/ul>\n<p><img loading=\"lazy\" decoding=\"async\" class=\"wp-image-347 alignleft\" src=\"https:\/\/endenich.asgard-it.org\/wp-content\/uploads\/2025\/06\/PS2.jpg\" alt=\"\" width=\"205\" height=\"274\" \/>Nach fast drei Stunden Einblick in die vielf\u00e4ltige Gesch\u00e4ftswelt Endenichs verabschiedete sich das Prinzenpaar getreu dem Motto des Festausschusses Bonner Karneval: \u201eKunterbunt und tolerant, su senn mir he im Jeckenland\u201c.<\/p>\n<p>Text und Fotos: Vorstand Ortsausschuss[\/vc_column_text][\/vc_tta_section][vc_tta_section title=&#8220;Nikolaus-Besuch in der Endenicher Stra\u00dfe am 5. Dezember 2024&#8243; tab_id=&#8220;1749489827669-60b16833-f917&#8243;][vc_column_text css=&#8220;&#8220;]<img loading=\"lazy\" decoding=\"async\" class=\"wp-image-406 alignleft\" src=\"https:\/\/endenich.asgard-it.org\/wp-content\/uploads\/2025\/06\/20241205_171204.jpg\" alt=\"\" width=\"179\" height=\"292\" \/>Am Donnerstag-Nachmittag besuchte der Nikolaus zwischen 17 und 19 Uhr die Endenicher Einkaufsmeile und verteilte Schokoladen-Nikol\u00e4use an die Kinder. F\u00fcr die Erwachsenen gab es zur musikalischen Unterhaltung hei\u00dfen Gl\u00fchwein und leckere Schalz-Brote&#8230;die Veranstaltung unter dem Weihnachtsbaum neben der B\u00e4ckerei Klein war gut besucht!<\/p>\n<p>Foto\/Text: Vorstand Ortsausschuss[\/vc_column_text][\/vc_tta_section][vc_tta_section title=&#8220;Adventsfeier des Camilla-Bucherer-Fonds am 4. Dezember 2024&#8243; tab_id=&#8220;1749740584378-f2dd8bcb-374e&#8220;][vc_column_text css=&#8220;&#8220;]<img loading=\"lazy\" decoding=\"async\" class=\" wp-image-483 alignleft\" src=\"https:\/\/endenich.asgard-it.org\/wp-content\/uploads\/2025\/06\/1200_cbf_.jpg\" alt=\"\" width=\"240\" height=\"290\" \/><img loading=\"lazy\" decoding=\"async\" class=\" wp-image-480 alignleft\" src=\"https:\/\/endenich.asgard-it.org\/wp-content\/uploads\/2025\/06\/1200_cbf_4.jpg\" alt=\"\" width=\"259\" height=\"290\" \/><img loading=\"lazy\" decoding=\"async\" class=\"wp-image-481 alignright\" src=\"https:\/\/endenich.asgard-it.org\/wp-content\/uploads\/2025\/06\/1200_cbf_3.jpg\" alt=\"\" width=\"202\" height=\"290\" \/>Zum 3. Mal lud der Vorstand des Camilla-Bucherer-Fonds (CBF) am Mittwoch, den 4. Dezember 2024 die Endenicher Seniorinnen und Senioren zur traditionellen Adventsfeier ins Gasthaus Nolden ein. Der Vorsitzende Heinz Lepper begr\u00fc\u00dfte die G\u00e4ste und als Ehrengast den Endenicher Pfarrer Uwe Grieser. Nach Kaffee mit Stollen und Pl\u00e4tzchen spielte Hans Nolden auf dem Akkordeon Weihnachtslieder und die G\u00e4ste sangen die bekannten Lieder fr\u00f6hlich mit. Frau Elisabeth Schleier unterhielt die G\u00e4ste mit ihrem Vortag \u201eDie Herbergssuche im Rheinland.\u201c Sie hat diesen mit vielen geschichtlichen Gegebenheiten Bonns verkn\u00fcpft. Es reichte von der R\u00f6mer- bis zur Neuzeit. Die \u00e4lteste Besucherin erhielt aus den H\u00e4nden des Nikolaus einen Blumenstrau\u00df und der \u00e4lteste Besucher eine Flasche Wein. Zur weiteren St\u00e4rkung der G\u00e4ste gab\u2019s einen Restaurationsteller und um 17.30 Uhr erschien der Nikolaus (R\u00fcdiger Bartel), richtete freundliche Worte an die Anwesenden und trug eine Geschichte zum Schmunzeln vor. Die Endenicher Seniorinnen und Senioren konnten ein wenig die traurigen Nachrichten und Krisen in der Welt vergessen und einen stimmungsvollen Nachmittag verbringen. Zum Abschluss erhielten alle G\u00e4ste eine Weihnachtst\u00fcte.<\/p>\n<p>Text: Vorstand CBF\/Fotos: privat<\/p>\n<p><img loading=\"lazy\" decoding=\"async\" class=\"wp-image-482 alignleft\" src=\"https:\/\/endenich.asgard-it.org\/wp-content\/uploads\/2025\/06\/1200_cbf_2.jpg\" alt=\"\" width=\"518\" height=\"333\" \/><img loading=\"lazy\" decoding=\"async\" class=\" wp-image-479 alignright\" src=\"https:\/\/endenich.asgard-it.org\/wp-content\/uploads\/2025\/06\/1200_cbf_5.jpg\" alt=\"\" width=\"659\" height=\"333\" \/>[\/vc_column_text][\/vc_tta_section][vc_tta_section title=&#8220;Volksbank-Empfang am 14. November 2024&#8243; tab_id=&#8220;1749741780131-5d85bef6-3bb1&#8243;][vc_column_text css=&#8220;&#8220;]<img loading=\"lazy\" decoding=\"async\" class=\" wp-image-491 alignleft\" src=\"https:\/\/endenich.asgard-it.org\/wp-content\/uploads\/2025\/06\/111PE3.jpg\" alt=\"\" width=\"302\" height=\"252\" \/><img loading=\"lazy\" decoding=\"async\" class=\" wp-image-493 alignright\" src=\"https:\/\/endenich.asgard-it.org\/wp-content\/uploads\/2025\/06\/111PE1.jpg\" alt=\"\" width=\"215\" height=\"252\" \/>Am Donnerstag, dem 14. November 2024 luden der Leiter der Endenicher Volksbank Herr Markus Simon und die Vorsitzende des Ortsausschusses Frau Renate Torno zum traditionellen Prinzenempfang ins Foyer der Volksbankfiliale ein. Die Gastgeber konnten die Vertreter der Mitgliedsvereine im OAS, die f\u00fcr Endenich gew\u00e4hlten Mandatstr\u00e4ger, die Vorstandsmitglieder des OAS und geladene G\u00e4ste begr\u00fc\u00dfen. Das Team der Volksbankfiliale bewirtete die G\u00e4ste bei netten Gespr\u00e4chen und guter Laune.<\/p>\n<p>Im Rahmen des Prinzenempfangs erhielt der OAS eine Spende der Volksbank \u00fcber 500 \u20ac. Die stellvertretende Vorsitzende Claudia Manthey, die die erkrankte Vorsitzende vertrat, freute sich sehr \u00fcber diese gro\u00dfz\u00fcgige Zuwendung, die wesentlich zum Erhalt des Brauchtums in Endenich beitr\u00e4gt.<\/p>\n<p><img loading=\"lazy\" decoding=\"async\" class=\" wp-image-492 alignleft\" src=\"https:\/\/endenich.asgard-it.org\/wp-content\/uploads\/2025\/06\/111PE2.jpg\" alt=\"\" width=\"192\" height=\"386\" \/>1999 fand der 1. Prinzenempfang mit dem damaligen Prinzenpaar Prinz Andreas I. (Etienne) Haus der Springmaus und Bonna Marion I. (Leyer) DK Lustige Bucheckern unter dem Motto: \u201cBonn loss jonn\u201c mit dem damaligen Leiter der Filiale Peter Lescrinier und dem damaligen Vorsitzenden des OAS Josef Hamacher statt. In den ersten Jahren fand der Empfang am 11.11. statt. Da das Prinzenpaar an diesem Tag jedoch viele Termine wahrnehmen muss, liegt er inzwischen am Donnerstag nach dem 11.11. Auch unter der Ortsausschussvorsitzenden Karin Lepper (ab 2005) und dem sp\u00e4teren Filialleiter Basti Schneider hielt man an dieser sch\u00f6nen Tradition fest.<\/p>\n<p>Text: Vorstand OAS\/Fotos: privat[\/vc_column_text][\/vc_tta_section][vc_tta_section title=&#8220;Martinszug am 5. November 2024&#8243; tab_id=&#8220;1749742535127-6058b512-607e&#8220;][vc_column_text css=&#8220;&#8220;]<img loading=\"lazy\" decoding=\"async\" class=\" wp-image-499 alignleft\" src=\"https:\/\/endenich.asgard-it.org\/wp-content\/uploads\/2025\/06\/20241105_175620.jpg\" alt=\"\" width=\"154\" height=\"200\" \/><img loading=\"lazy\" decoding=\"async\" class=\" wp-image-500 alignright\" src=\"https:\/\/endenich.asgard-it.org\/wp-content\/uploads\/2025\/06\/20241105_184544.jpg\" alt=\"\" width=\"144\" height=\"200\" \/>Am Dienstag, 5. November fand der traditionelle Martinszug durch Endenich statt. Gestartet wurde um 18 Uhr an der Kirche und am Magdalenenplatz schlossen sich dann die Kinderg\u00e4rten und danach die Schulen an. Als Abschluss bestaunten Klein und Gro\u00df das beeindruckende Martins-Feuer im Park an der Josef-Strunck-Halle. Wir danken allen Beteiligten, die zum Gelingen dieses sch\u00f6nen Abends beigetragen haben. Ein besonderer Dank geht an die Freiwillige Feuerwehr f\u00fcr das Entz\u00fcnden und L\u00f6schen des Feuers und an unseren Polizeihauptkommissar Dirk Pr\u00fctz, der den Zugweg freihielt.<\/p>\n<p>Text\/Fotos: Vorstand OAS[\/vc_column_text][\/vc_tta_section][\/vc_tta_accordion][\/vc_column][\/vc_row]<\/p>\n<\/div>","protected":false},"excerpt":{"rendered":"<p>[vc_row][vc_column][vc_column_text css=&#8220;&#8220;] Hier stehen die Berichte zu den Veranstaltungen der Endenicher Vereine: [\/vc_column_text][\/vc_column][\/vc_row][vc_row][vc_column][vc_tta_accordion][vc_tta_section title=&#8220;BurgArt am 14. Juni 2025&#8243; tab_id=&#8220;1750158381829-bc96e20d-b13e&#8220;][vc_column_text css=&#8220;&#8220;] Am Samstag, 14. Juni fand ab 12 Uhr bei strahlendem Sommerwetter bereits zum 6. Mal die BurgArt im stimmungsvollen Innenhof der Endenicher Burg statt. Mehr als 50 K\u00fcnstlerinnen und K\u00fcnstler pr\u00e4sentierten ihre Werke unter freiem [&hellip;]<\/p>\n","protected":false},"author":1,"featured_media":0,"parent":0,"menu_order":0,"comment_status":"closed","ping_status":"closed","template":"","meta":{"footnotes":""},"class_list":["post-271","page","type-page","status-publish","hentry"],"_links":{"self":[{"href":"https:\/\/endenich.asgard-it.org\/index.php\/wp-json\/wp\/v2\/pages\/271","targetHints":{"allow":["GET"]}}],"collection":[{"href":"https:\/\/endenich.asgard-it.org\/index.php\/wp-json\/wp\/v2\/pages"}],"about":[{"href":"https:\/\/endenich.asgard-it.org\/index.php\/wp-json\/wp\/v2\/types\/page"}],"author":[{"embeddable":true,"href":"https:\/\/endenich.asgard-it.org\/index.php\/wp-json\/wp\/v2\/users\/1"}],"replies":[{"embeddable":true,"href":"https:\/\/endenich.asgard-it.org\/index.php\/wp-json\/wp\/v2\/comments?post=271"}],"version-history":[{"count":49,"href":"https:\/\/endenich.asgard-it.org\/index.php\/wp-json\/wp\/v2\/pages\/271\/revisions"}],"predecessor-version":[{"id":402,"href":"https:\/\/endenich.asgard-it.org\/index.php\/wp-json\/wp\/v2\/pages\/271\/revisions\/402"}],"wp:attachment":[{"href":"https:\/\/endenich.asgard-it.org\/index.php\/wp-json\/wp\/v2\/media?parent=271"}],"curies":[{"name":"wp","href":"https:\/\/api.w.org\/{rel}","templated":true}]}}