{"id":2,"date":"2024-09-12T12:52:13","date_gmt":"2024-09-12T10:52:13","guid":{"rendered":"https:\/\/endenich.asgard-it.org\/?page_id=2"},"modified":"2025-06-09T01:15:30","modified_gmt":"2025-06-08T23:15:30","slug":"historie","status":"publish","type":"page","link":"https:\/\/endenich.asgard-it.org\/index.php\/historie\/","title":{"rendered":"Historie"},"content":{"rendered":"<div class=\"wpb-content-wrapper\"><p>[vc_row][vc_column][vc_column_text css=&#8220;&#8220;]<\/p>\r\n<p><strong>Es begann vor 1200 Jahren&#8230;<\/strong><br \/><strong>Ein Streifzug durch die Geschichte!<\/strong><\/p>\r\n\r\n<p>Der zweifellos ber\u00fchmteste Endenicher war Robert Schumann, der im heutigen Robert-Schumann-Haus an der Magdalenenstra\u00dfe gelebt hat, und nachdem ihn seine Nerven in die damalige Richarz`sche Heilanstalt, an der heutigen Sebastianstra\u00dfe, gebracht haben wo er am 29. Juli 1856 verstarb. Aber Endenich fing ja nicht erst mit Robert Schumann an.<\/p>\r\n<p>804 n. Ch.\u00a0schenkte ein reicher Grundherr Namens Rugus dem Bonner Cassiusstift die Martinskirche neben dem M\u00fcnster und zwei Morgen Land bei der &#8222;Villa quae vocatur Antiche&#8220; (bei dem Dorf &#8211; &#8222;Antiche&#8220; = Endenich).<\/p>\r\n\r\n<p>814\/815 n. Ch.\u00a0schenkte ein weiterer Grundherr namens Lutfried seinen Besitz in &#8222;Antinico&#8220;, den wohl sp\u00e4ter so benannten Propsthof mit der Kapelle des Hl. Lambert, auch dem Bonner Cassiusstift.<\/p>\r\n\r\n<p>1131 n. Ch.\u00a0best\u00e4tigte dann Papst Innozenz II. den Besitz, darunter auch die Kirche von &#8222;Entenich&#8220; (erste Bezeugung der Pfarrkirche St. Lambert).<\/p>\r\n\r\n<p>Im 12.\/13.\u00a0Jahrhundert entwickelte sich Endenich mit Poppelsdorf, Ippendorf und Eichholz zur K\u00f6lnischen Unterherrschaft des Propstes von St. Cassius.<\/p>\r\n\r\n<p>Um 1200 n. Ch.\u00a0begann der Bau der Endenicher Burg als Sitz der &#8222;Ritter von Endenich&#8220;. (Heute beherbergt die Endenicher Burg die Freiw. Feuerwehr Endenich, eine Altenbegegnungst\u00e4tte und die Stadtteilb\u00fccherei.)<\/p>\r\n\r\n<p>Im 13.Jahrhundert\u00a0wurde die erste Kirche St. Maria Magdalena erbaut.<\/p>\r\n\r\n<p>1428 n. Ch.\u00a0erwirbt das K\u00f6lner Kart\u00e4userkloster einen Hof in Endenich, der im 17. Jahrhundert nach der Halfenfamilie C\u00f6llen in den &#8222;C\u00f6llenhof&#8220; umbenannt wurde.<\/p>\r\n\r\n<p>1721 n.Ch.\u00a0weiht Kurf\u00fcrst Joseph Clemens von K\u00f6ln die &#8222;Marterkapelle&#8220; am Fu\u00df des Kreuzberges, zur Erinnerung an die r\u00f6mischen M\u00e4rtyresoldaten Cassius und Florentius, die heutigen Stadtpatronen von Bonn.<\/p>\r\n\r\n<p>1747\/48\u00a0begann der Bau der zweiten St. Maria Magdalena Kirche.<\/p>\r\n\r\n<p>1831\u00a0hatte Endenich gerade mal 986 Einwohner, davon 953 katholische, 25 j\u00fcdische und 8 evangelische Mitb\u00fcrger.<\/p>\r\n\r\n<p>1880\u00a0hatte Endenich 2720 Einwohner, um 1900 waren es bereits 4549.<\/p>\r\n\r\n<p>1885\u00a0wurde die Freiwillige Feuerwehr Endenich gegr\u00fcndet.<\/p>\r\n\r\n<p>1888\u00a0gr\u00fcndeten die &#8222;Benediktinerinnen&#8220; von der ewigen Anbetung das Kloster &#8222;Maria Hilf&#8220;, neben der Marterkapelle am Fu\u00dfe des Kreuzberges.<\/p>\r\n\r\n<p>1893\u00a0wurde die dritte (heutige) St. Maria Magdalena Kirche eingeweiht.<\/p>\r\n\r\n<p>1904\u00a0hat sich Endenich nach Bonn eingemeindet und wurde so ein Stadtteil von Bonn.<\/p>\r\n\r\n<p>1941\/42\u00a0wurde das Kloster &#8222;Maria Hilf&#8220; von den Nazis Zwangs ger\u00e4umt um j\u00fcdische Bonner dort zu internieren und sie \u00fcber K\u00f6ln zu den Konzentrationslager im Osten zu deportieren.<\/p>\r\n\r\n<p>1957\u00a0wurde dann die evangelische Trinitatiskirche in der Brahmsstr. eingeweiht.<\/p>\r\n\r\n<p>1960\u00a0wird Endenich ein weiterer Universit\u00e4tsstandort Bonns, vorwiegend in den naturwissenschaftlichen Disziplinen, z.Bsp. Institut f\u00fcr Tierern\u00e4hrung und Tierhygiene, Astronomisches Institut, Meteorologie, u.v.m.<\/p>\r\n\r\n<p>1972\u00a0begann der Neubau des Astronomischen Instituts mit Sternwarte an der Strasse &#8222;Auf dem H\u00fcgel&#8220;.<\/p>\r\n\r\n<p>1980<br \/>Udo Lindenberg und sein Panikorchester geben am 9. September ein Konzert im Garten der Endenicher Burg.<\/p>\r\n\r\n<p>2004<br \/>1200 Jahre Endenich<\/p>\r\n\r\n<p>2019<br \/>100 Jahre Ortsausschuss Endenich e.V.!<\/p>\r\n\r\n<p>Weitere Infos \u00fcber die Historie des Bonner Stadtteils Endenich findet sich auf Wikipedia unter <a href=\"https:\/\/de.wikipedia.org\/wiki\/Endenich\">Endenich \u2013 Wikipedia<\/a><\/p>\r\n\r\n<p>&nbsp;<\/p>\r\n<p>[\/vc_column_text][\/vc_column][\/vc_row]<\/p><\/div>","protected":false},"excerpt":{"rendered":"<p>[vc_row][vc_column][vc_column_text css=&#8220;&#8220;] Es begann vor 1200 Jahren&#8230;Ein Streifzug durch die Geschichte! Der zweifellos ber\u00fchmteste Endenicher war Robert Schumann, der im heutigen Robert-Schumann-Haus an der Magdalenenstra\u00dfe gelebt hat, und nachdem ihn seine Nerven in die damalige Richarz`sche Heilanstalt, an der heutigen Sebastianstra\u00dfe, gebracht haben wo er am 29. Juli 1856 verstarb. Aber Endenich fing ja nicht [&hellip;]<\/p>\n","protected":false},"author":1,"featured_media":0,"parent":0,"menu_order":0,"comment_status":"closed","ping_status":"open","template":"","meta":{"footnotes":""},"class_list":["post-2","page","type-page","status-publish","hentry"],"_links":{"self":[{"href":"https:\/\/endenich.asgard-it.org\/index.php\/wp-json\/wp\/v2\/pages\/2","targetHints":{"allow":["GET"]}}],"collection":[{"href":"https:\/\/endenich.asgard-it.org\/index.php\/wp-json\/wp\/v2\/pages"}],"about":[{"href":"https:\/\/endenich.asgard-it.org\/index.php\/wp-json\/wp\/v2\/types\/page"}],"author":[{"embeddable":true,"href":"https:\/\/endenich.asgard-it.org\/index.php\/wp-json\/wp\/v2\/users\/1"}],"replies":[{"embeddable":true,"href":"https:\/\/endenich.asgard-it.org\/index.php\/wp-json\/wp\/v2\/comments?post=2"}],"version-history":[{"count":6,"href":"https:\/\/endenich.asgard-it.org\/index.php\/wp-json\/wp\/v2\/pages\/2\/revisions"}],"predecessor-version":[{"id":277,"href":"https:\/\/endenich.asgard-it.org\/index.php\/wp-json\/wp\/v2\/pages\/2\/revisions\/277"}],"wp:attachment":[{"href":"https:\/\/endenich.asgard-it.org\/index.php\/wp-json\/wp\/v2\/media?parent=2"}],"curies":[{"name":"wp","href":"https:\/\/api.w.org\/{rel}","templated":true}]}}

<div class="wpb-content-wrapper"><p>[vc_row][vc_column][vc_column_text css=&#8220;&#8220;]</p>
<p><strong>Es begann vor 1200 Jahren&#8230;</strong><br /><strong>Ein Streifzug durch die Geschichte!</strong></p>

<p>Der zweifellos berühmteste Endenicher war Robert Schumann, der im heutigen Robert-Schumann-Haus an der Magdalenenstraße gelebt hat, und nachdem ihn seine Nerven in die damalige Richarz`sche Heilanstalt, an der heutigen Sebastianstraße, gebracht haben wo er am 29. Juli 1856 verstarb. Aber Endenich fing ja nicht erst mit Robert Schumann an.</p>
<p>804 n. Ch. schenkte ein reicher Grundherr Namens Rugus dem Bonner Cassiusstift die Martinskirche neben dem Münster und zwei Morgen Land bei der &#8222;Villa quae vocatur Antiche&#8220; (bei dem Dorf &#8211; &#8222;Antiche&#8220; = Endenich).</p>

<p>814/815 n. Ch. schenkte ein weiterer Grundherr namens Lutfried seinen Besitz in &#8222;Antinico&#8220;, den wohl später so benannten Propsthof mit der Kapelle des Hl. Lambert, auch dem Bonner Cassiusstift.</p>

<p>1131 n. Ch. bestätigte dann Papst Innozenz II. den Besitz, darunter auch die Kirche von &#8222;Entenich&#8220; (erste Bezeugung der Pfarrkirche St. Lambert).</p>

<p>Im 12./13. Jahrhundert entwickelte sich Endenich mit Poppelsdorf, Ippendorf und Eichholz zur Kölnischen Unterherrschaft des Propstes von St. Cassius.</p>

<p>Um 1200 n. Ch. begann der Bau der Endenicher Burg als Sitz der &#8222;Ritter von Endenich&#8220;. (Heute beherbergt die Endenicher Burg die Freiw. Feuerwehr Endenich, eine Altenbegegnungstätte und die Stadtteilbücherei.)</p>

<p>Im 13.Jahrhundert wurde die erste Kirche St. Maria Magdalena erbaut.</p>

<p>1428 n. Ch. erwirbt das Kölner Kartäuserkloster einen Hof in Endenich, der im 17. Jahrhundert nach der Halfenfamilie Cöllen in den &#8222;Cöllenhof&#8220; umbenannt wurde.</p>

<p>1721 n.Ch. weiht Kurfürst Joseph Clemens von Köln die &#8222;Marterkapelle&#8220; am Fuß des Kreuzberges, zur Erinnerung an die römischen Märtyresoldaten Cassius und Florentius, die heutigen Stadtpatronen von Bonn.</p>

<p>1747/48 begann der Bau der zweiten St. Maria Magdalena Kirche.</p>

<p>1831 hatte Endenich gerade mal 986 Einwohner, davon 953 katholische, 25 jüdische und 8 evangelische Mitbürger.</p>

<p>1880 hatte Endenich 2720 Einwohner, um 1900 waren es bereits 4549.</p>

<p>1885 wurde die Freiwillige Feuerwehr Endenich gegründet.</p>

<p>1888 gründeten die &#8222;Benediktinerinnen&#8220; von der ewigen Anbetung das Kloster &#8222;Maria Hilf&#8220;, neben der Marterkapelle am Fuße des Kreuzberges.</p>

<p>1893 wurde die dritte (heutige) St. Maria Magdalena Kirche eingeweiht.</p>

<p>1904 hat sich Endenich nach Bonn eingemeindet und wurde so ein Stadtteil von Bonn.</p>

<p>1941/42 wurde das Kloster &#8222;Maria Hilf&#8220; von den Nazis Zwangs geräumt um jüdische Bonner dort zu internieren und sie über Köln zu den Konzentrationslager im Osten zu deportieren.</p>

<p>1957 wurde dann die evangelische Trinitatiskirche in der Brahmsstr. eingeweiht.</p>

<p>1960 wird Endenich ein weiterer Universitätsstandort Bonns, vorwiegend in den naturwissenschaftlichen Disziplinen, z.Bsp. Institut für Tierernährung und Tierhygiene, Astronomisches Institut, Meteorologie, u.v.m.</p>

<p>1972 begann der Neubau des Astronomischen Instituts mit Sternwarte an der Strasse &#8222;Auf dem Hügel&#8220;.</p>

<p>1980<br />Udo Lindenberg und sein Panikorchester geben am 9. September ein Konzert im Garten der Endenicher Burg.</p>

<p>2004<br />1200 Jahre Endenich</p>

<p>2019<br />100 Jahre Ortsausschuss Endenich e.V.!</p>

<p>Weitere Infos über die Historie des Bonner Stadtteils Endenich findet sich auf Wikipedia unter <a href="https://de.wikipedia.org/wiki/Endenich">Endenich – Wikipedia</a></p>

<p>&nbsp;</p>
<p>[/vc_column_text][/vc_column][/vc_row]</p></div>

<p>[vc_row][vc_column][vc_column_text css=&#8220;&#8220;] Es begann vor 1200 Jahren&#8230;Ein Streifzug durch die Geschichte! Der zweifellos berühmteste Endenicher war Robert Schumann, der im heutigen Robert-Schumann-Haus an der Magdalenenstraße gelebt hat, und nachdem ihn seine Nerven in die damalige Richarz`sche Heilanstalt, an der heutigen Sebastianstraße, gebracht haben wo er am 29. Juli 1856 verstarb. Aber Endenich fing ja nicht [&hellip;]</p>
