{"id":190,"date":"2025-06-08T23:21:09","date_gmt":"2025-06-08T21:21:09","guid":{"rendered":"https:\/\/endenich.asgard-it.org\/?page_id=190"},"modified":"2025-06-17T14:11:54","modified_gmt":"2025-06-17T12:11:54","slug":"kkk","status":"publish","type":"page","link":"https:\/\/endenich.asgard-it.org\/index.php\/kkk\/","title":{"rendered":"Kinder, Kirchen &#038; Kultur"},"content":{"rendered":"<div class=\"wpb-content-wrapper\"><p>[vc_row][vc_column][vc_text_separator title=&#8220;Kinderg\u00e4rten&#8220; css=&#8220;&#8220;][\/vc_column][\/vc_row][vc_section][vc_row][vc_column][vc_column_text css=&#8220;&#8220;]<a href=\"https:\/\/kita-martin.gfo-online.de\/\">GFO Kindergarten St. Martin Endenich<\/a>, Vaclav-Havel-Platz 12, 53121 Bonn<\/p>\n<p><a href=\"https:\/\/trinitatis-bonn.ekir.de\/kita-familienzentrum\/\">Kindertagesst\u00e4tte \/ Familienzentrum der Evangelischen Trinitatiskirchengemeinde in Bonn<\/a>, Brahmstra\u00dfe 18, 53121 Bonn<\/p>\n<p><a href=\"https:\/\/www.studierendenwerk-bonn.de\/studieren-mit-kind\/kindertageseinrichtungen\/kindertageseinrichtung-auf-dem-huegel\/\">Kita Auf dem H\u00fcgel<\/a>, Auf dem H\u00fcgel 18, 53121 Bonn<\/p>\n<p><a href=\"https:\/\/www.katholische-kindergaerten.de\/kitas\/137-st-maria-magdalena\">Kita Maria Magdalena<\/a>, Wiesenweg 6, 53121 Bonn<\/p>\n<p><a href=\"https:\/\/www.kjf-ggmbh.de\/kita\/kita-sonnenschein\/\">Kita Sonnenschein<\/a>, Am Bleichgraben 40, Bonn<\/p>\n<p><a href=\"https:\/\/kita-planer.kdo.de\/bonn-elternportal\/elternportal\/de\/einrichtungen\/liste\/ergebnisse\/205\/details?p=3&amp;traeger=Bundesstadt%20Bonn,%20Amt%20f%C3%BCr%20Kinder,%20Jugend%20und%20Familie\">St\u00e4dt. Kindergarten<\/a>, Hainstra\u00dfe 69, 53121 Bonn<\/p>\n<p><a href=\"https:\/\/www.kitanetz.de\/nordrhein-westfalen\/53121\/siemensstr41.php\">St\u00e4dtischer Kindergarten und Hort<\/a>, Siemensstra\u00dfe 41, 53121 Bonn<\/p>\n<p><a href=\"https:\/\/kita-planer.kdo.de\/bonn-elternportal\/elternportal\/de\/einrichtungen\/liste\/ergebnisse\/225\/details?p=2&amp;traeger=Bundesstadt%20Bonn,%20Amt%20f%C3%BCr%20Kinder,%20Jugend%20und%20Familie\">St\u00e4dt. Kiga<\/a>, Erich-Hoffmann-Stra\u00dfe 3, 53121 Bonn[\/vc_column_text][\/vc_column][\/vc_row][\/vc_section][vc_row][vc_column][vc_text_separator title=&#8220;Schulen&#8220; css=&#8220;&#8220;][\/vc_column][\/vc_row][vc_row][vc_column][vc_column_text css=&#8220;&#8220;]<a href=\"https:\/\/matthias-claudius-schule-bonn.de\/\">Matthias-Claudius-Schule<\/a>, Magdalenenstra\u00dfe 6, 53121 Bonn (Grundschule)<\/p>\n<p><a href=\"http:\/\/www.karl-simrock-schule.de\/\">Karl-Simrock-Schule f\u00fcr Berufsorientierung<\/a>, Am Burggraben 20, 53121 Bonn[\/vc_column_text][\/vc_column][\/vc_row][vc_row][vc_column][vc_separator css=&#8220;&#8220;][\/vc_column][\/vc_row][vc_row][vc_column][vc_text_separator title=&#8220;Kirchen&#8220; css=&#8220;&#8220;][\/vc_column][\/vc_row][vc_row][vc_column][vc_column_text css=&#8220;&#8220;]<a href=\"https:\/\/www.puk-bonn.de\/start\/index.html\">Katholische Kirchengemeinde St. Maria Magdalena und Christi Auferstehunga<\/a>, Magdalenenstra\u00dfe 25, 53121 Bonn<\/p>\n<p><a href=\"https:\/\/trinitatis-bonn.ekir.de\/\">Trinitatiskirche Bonn &#8211; Evangelische Trinitatiskirchengemeinde Bonn<\/a>, Brahmstra\u00dfe 14, 53121 Bonn[\/vc_column_text][vc_separator css=&#8220;&#8220;][\/vc_column][\/vc_row][vc_row][vc_column][vc_text_separator title=&#8220;Bibliotheken&#8220; css=&#8220;&#8220;][vc_column_text css=&#8220;&#8220;]<a href=\"https:\/\/www.bonn.de\/themen-entdecken\/bildung-lernen\/musikbibliothek.php\">Musikbibliothek<\/a> im Schumannhaus, Sebastianstra\u00dfe 182, 53115 Bonn<br \/>\n\u00d6ffnungszeiten: Dienstag bis Freitag von 11 bis 13:30 Uhr und von 14:30 bis 18 Uhr (Leitung: Nicole Kr\u00e4mer)<\/p>\n<p><a href=\"https:\/\/www.bonn.de\/themen-entdecken\/bildung-lernen\/stadtteilbibliothek-endenich.php\">Stadtteilbiblothek Bonn-Endenich<\/a>, Am Burggraben 18, 53121 Bonn<br \/>\n\u00d6ffnungszeiten: Dienstag bis Freitag von 10 bis 12 Uhr und von 14 bis 18 Uhr (Betreuung: <a href=\"https:\/\/www.leseburgendenich.de\/\">F\u00f6rderverein Stadtteilbibliothek Endenich e. V.<\/a>)[\/vc_column_text][\/vc_column][\/vc_row]<\/p>\n<\/div>","protected":false},"excerpt":{"rendered":"<p>[vc_row][vc_column][vc_text_separator title=&#8220;Kinderg\u00e4rten&#8220; css=&#8220;&#8220;][\/vc_column][\/vc_row][vc_section][vc_row][vc_column][vc_column_text css=&#8220;&#8220;]GFO Kindergarten St. Martin Endenich, Vaclav-Havel-Platz 12, 53121 Bonn Kindertagesst\u00e4tte \/ Familienzentrum der Evangelischen Trinitatiskirchengemeinde in Bonn, Brahmstra\u00dfe 18, 53121 Bonn Kita Auf dem H\u00fcgel, Auf dem H\u00fcgel 18, 53121 Bonn Kita Maria Magdalena, Wiesenweg 6, 53121 Bonn Kita Sonnenschein, Am Bleichgraben 40, Bonn St\u00e4dt. Kindergarten, Hainstra\u00dfe 69, 53121 Bonn St\u00e4dtischer Kindergarten [&hellip;]<\/p>\n","protected":false},"author":1,"featured_media":0,"parent":0,"menu_order":0,"comment_status":"closed","ping_status":"closed","template":"","meta":{"footnotes":""},"class_list":["post-190","page","type-page","status-publish","hentry"],"_links":{"self":[{"href":"https:\/\/endenich.asgard-it.org\/index.php\/wp-json\/wp\/v2\/pages\/190","targetHints":{"allow":["GET"]}}],"collection":[{"href":"https:\/\/endenich.asgard-it.org\/index.php\/wp-json\/wp\/v2\/pages"}],"about":[{"href":"https:\/\/endenich.asgard-it.org\/index.php\/wp-json\/wp\/v2\/types\/page"}],"author":[{"embeddable":true,"href":"https:\/\/endenich.asgard-it.org\/index.php\/wp-json\/wp\/v2\/users\/1"}],"replies":[{"embeddable":true,"href":"https:\/\/endenich.asgard-it.org\/index.php\/wp-json\/wp\/v2\/comments?post=190"}],"version-history":[{"count":30,"href":"https:\/\/endenich.asgard-it.org\/index.php\/wp-json\/wp\/v2\/pages\/190\/revisions"}],"predecessor-version":[{"id":523,"href":"https:\/\/endenich.asgard-it.org\/index.php\/wp-json\/wp\/v2\/pages\/190\/revisions\/523"}],"wp:attachment":[{"href":"https:\/\/endenich.asgard-it.org\/index.php\/wp-json\/wp\/v2\/media?parent=190"}],"curies":[{"name":"wp","href":"https:\/\/api.w.org\/{rel}","templated":true}]}}

<div class="wpb-content-wrapper"><p>[vc_row][vc_column][vc_text_separator title=&#8220;Kindergärten&#8220; css=&#8220;&#8220;][/vc_column][/vc_row][vc_section][vc_row][vc_column][vc_column_text css=&#8220;&#8220;]<a href="https://kita-martin.gfo-online.de/">GFO Kindergarten St. Martin Endenich</a>, Vaclav-Havel-Platz 12, 53121 Bonn</p>
<p><a href="https://trinitatis-bonn.ekir.de/kita-familienzentrum/">Kindertagesstätte / Familienzentrum der Evangelischen Trinitatiskirchengemeinde in Bonn</a>, Brahmstraße 18, 53121 Bonn</p>
<p><a href="https://www.studierendenwerk-bonn.de/studieren-mit-kind/kindertageseinrichtungen/kindertageseinrichtung-auf-dem-huegel/">Kita Auf dem Hügel</a>, Auf dem Hügel 18, 53121 Bonn</p>
<p><a href="https://www.katholische-kindergaerten.de/kitas/137-st-maria-magdalena">Kita Maria Magdalena</a>, Wiesenweg 6, 53121 Bonn</p>
<p><a href="https://www.kjf-ggmbh.de/kita/kita-sonnenschein/">Kita Sonnenschein</a>, Am Bleichgraben 40, Bonn</p>
<p><a href="https://kita-planer.kdo.de/bonn-elternportal/elternportal/de/einrichtungen/liste/ergebnisse/205/details?p=3&amp;traeger=Bundesstadt%20Bonn,%20Amt%20f%C3%BCr%20Kinder,%20Jugend%20und%20Familie">Städt. Kindergarten</a>, Hainstraße 69, 53121 Bonn</p>
<p><a href="https://www.kitanetz.de/nordrhein-westfalen/53121/siemensstr41.php">Städtischer Kindergarten und Hort</a>, Siemensstraße 41, 53121 Bonn</p>
<p><a href="https://kita-planer.kdo.de/bonn-elternportal/elternportal/de/einrichtungen/liste/ergebnisse/225/details?p=2&amp;traeger=Bundesstadt%20Bonn,%20Amt%20f%C3%BCr%20Kinder,%20Jugend%20und%20Familie">Städt. Kiga</a>, Erich-Hoffmann-Straße 3, 53121 Bonn[/vc_column_text][/vc_column][/vc_row][/vc_section][vc_row][vc_column][vc_text_separator title=&#8220;Schulen&#8220; css=&#8220;&#8220;][/vc_column][/vc_row][vc_row][vc_column][vc_column_text css=&#8220;&#8220;]<a href="https://matthias-claudius-schule-bonn.de/">Matthias-Claudius-Schule</a>, Magdalenenstraße 6, 53121 Bonn (Grundschule)</p>
<p><a href="http://www.karl-simrock-schule.de/">Karl-Simrock-Schule für Berufsorientierung</a>, Am Burggraben 20, 53121 Bonn[/vc_column_text][/vc_column][/vc_row][vc_row][vc_column][vc_separator css=&#8220;&#8220;][/vc_column][/vc_row][vc_row][vc_column][vc_text_separator title=&#8220;Kirchen&#8220; css=&#8220;&#8220;][/vc_column][/vc_row][vc_row][vc_column][vc_column_text css=&#8220;&#8220;]<a href="https://www.puk-bonn.de/start/index.html">Katholische Kirchengemeinde St. Maria Magdalena und Christi Auferstehunga</a>, Magdalenenstraße 25, 53121 Bonn</p>
<p><a href="https://trinitatis-bonn.ekir.de/">Trinitatiskirche Bonn &#8211; Evangelische Trinitatiskirchengemeinde Bonn</a>, Brahmstraße 14, 53121 Bonn[/vc_column_text][vc_separator css=&#8220;&#8220;][/vc_column][/vc_row][vc_row][vc_column][vc_text_separator title=&#8220;Bibliotheken&#8220; css=&#8220;&#8220;][vc_column_text css=&#8220;&#8220;]<a href="https://www.bonn.de/themen-entdecken/bildung-lernen/musikbibliothek.php">Musikbibliothek</a> im Schumannhaus, Sebastianstraße 182, 53115 Bonn<br />
Öffnungszeiten: Dienstag bis Freitag von 11 bis 13:30 Uhr und von 14:30 bis 18 Uhr (Leitung: Nicole Krämer)</p>
<p><a href="https://www.bonn.de/themen-entdecken/bildung-lernen/stadtteilbibliothek-endenich.php">Stadtteilbiblothek Bonn-Endenich</a>, Am Burggraben 18, 53121 Bonn<br />
Öffnungszeiten: Dienstag bis Freitag von 10 bis 12 Uhr und von 14 bis 18 Uhr (Betreuung: <a href="https://www.leseburgendenich.de/">Förderverein Stadtteilbibliothek Endenich e. V.</a>)[/vc_column_text][/vc_column][/vc_row]</p>
</div>

<p>[vc_row][vc_column][vc_text_separator title=&#8220;Kindergärten&#8220; css=&#8220;&#8220;][/vc_column][/vc_row][vc_section][vc_row][vc_column][vc_column_text css=&#8220;&#8220;]GFO Kindergarten St. Martin Endenich, Vaclav-Havel-Platz 12, 53121 Bonn Kindertagesstätte / Familienzentrum der Evangelischen Trinitatiskirchengemeinde in Bonn, Brahmstraße 18, 53121 Bonn Kita Auf dem Hügel, Auf dem Hügel 18, 53121 Bonn Kita Maria Magdalena, Wiesenweg 6, 53121 Bonn Kita Sonnenschein, Am Bleichgraben 40, Bonn Städt. Kindergarten, Hainstraße 69, 53121 Bonn Städtischer Kindergarten [&hellip;]</p>
